
True
Is 148991 prime?
True
Is 421541 a composite number?
True
Is 599823569 composite?
False
Is 96991421 prime?
True
Is 142350737 a prime number?
True
Is 102794591 prime?
True
Is 16279411 prime?
False
Is 197367 a prime number?
False
Is 3394603 prime?
False
Is 3155771 a prime number?
True
Is 3584531 composite?
True
Is 4679009 a composite number?
False
Is 15694634 prime?
False
Is 6121 a composite number?
False
Is 95477857 a composite number?
True
Is 903531 a prime number?
False
Is 81149 prime?
False
Is 292234 a composite number?
True
Is 5961927 prime?
False
Is 5938589 composite?
False
Is 1519871 prime?
True
Is 39887689 composite?
False
Is 69530569 a composite number?
False
Is 846971959 a composite number?
True
Is 230260587 a prime number?
False
Is 1213550483 prime?
True
Is 245771 composite?
False
Is 19691767 prime?
False
Is 11028857 composite?
True
Is 10953079 prime?
False
Is 50136938 a prime number?
False
Is 78072433 composite?
False
Is 47733001 prime?
False
Is 1348957 a prime number?
True
Is 76242471 a composite number?
True
Is 556837 a composite number?
True
Is 2910091 composite?
False
Is 20272751 prime?
True
Is 118562635 a prime number?
False
Is 815123 a prime number?
True
Is 227081 a prime number?
True
Is 18770291 a prime number?
False
Is 691774069 a composite number?
True
Is 118778941 composite?
False
Is 50261963 a prime number?
True
Is 15874315 composite?
True
Is 63153437 prime?
True
Is 5240558 a composite number?
True
Is 19715854 a composite number?
True
Is 913657 a composite number?
True
Is 54603811 prime?
False
Is 605711 prime?
False
Is 39217877 composite?
True
Is 4855651 composite?
False
Is 25698067 composite?
True
Is 4610717 composite?
True
Is 8676431 prime?
True
Is 229319789 a prime number?
True
Is 16406479 a composite number?
True
Is 6729719 a prime number?
True
Is 28623653 composite?
True
Is 27986243 a composite number?
True
Is 6018659 a composite number?
False
Is 333709 prime?
False
Is 62258935 composite?
True
Is 4149379 a composite number?
True
Is 92956609 prime?
False
Is 10317233 a composite number?
True
Is 360133703 composite?
True
Is 246341 prime?
False
Is 44258293 composite?
True
Is 3066929 a composite number?
True
Is 434743 a composite number?
False
Is 6666377 prime?
False
Is 4630319 a prime number?
False
Is 681328949 prime?
False
Is 158195207 prime?
False
Is 2037979 a composite number?
False
Is 12922837 prime?
True
Is 2487557 a prime number?
True
Is 46655177 prime?
True
Is 61574441 prime?
False
Is 284868449 a composite number?
False
Is 92359 a prime number?
False
Is 9167437 prime?
False
Is 307883 a composite number?
True
Is 6741731 a composite number?
True
Is 805789 a prime number?
True
Is 579197 a prime number?
True
Is 1028671 composite?
True
Is 20780839 prime?
False
Is 9212069 composite?
False
Is 45626137 a composite number?
True
Is 67334089 composite?
True
Is 16117754 a prime number?
False
Is 1872419 composite?
False
Is 175649231 prime?
True
Is 26548031 composite?
False
Is 33306421 prime?
True
Is 446311 a prime number?
False
Is 33126491 a composite number?
False
Is 32856877 a composite number?
False
Is 14156887 a composite number?
True
Is 1078399 composite?
True
Is 82343993 a composite number?
True
Is 11616223 a composite number?
False
Is 6236623 prime?
True
Is 837671 a composite number?
True
Is 141523813 a composite number?
False
Is 1227143 composite?
False
Is 1377998 a prime number?
False
Is 427991573 composite?
True
Is 113534791 a prime number?
True
Is 6127117 a composite number?
False
Is 6621311 a prime number?
True
Is 72688195 a prime number?
False
Is 21554737 composite?
False
Is 837547 a composite number?
True
Is 3171187 composite?
False
Is 1787443 prime?
False
Is 15120722 composite?
True
Is 32294191 composite?
True
Is 1251265 composite?
True
Is 960601823 a composite number?
False
Is 13100729 prime?
False
Is 199663 composite?
True
Is 46620383 a prime number?
True
Is 90478694 a composite number?
True
Is 4302601 a prime number?
True
Is 7147451 a prime number?
True
Is 3102661 prime?
True
Is 2521591 prime?
True
Is 306817019 a composite number?
True
Is 439933465 prime?
False
Is 11959999 prime?
True
Is 631409 prime?
True
Is 44639731 composite?
False
Is 627637 a composite number?
False
Is 4744459 a composite number?
False
Is 3061811 a composite number?
False
Is 762893 prime?
True
Is 954697517 prime?
True
Is 210385411 composite?
False
Is 36968017 composite?
True
Is 32261491 a composite number?
True
Is 2266511 a composite number?
True
Is 339380369 composite?
False
Is 106015033 a prime number?
False
Is 591089 prime?
True
Is 327216611 composite?
False
Is 1872383 a composite number?
True
Is 68811367 a composite number?
True
Is 700871159 a composite number?
True
Is 17423423 a composite number?
False
Is 59951561 prime?
False
Is 25946377 composite?
False
Is 7544921 a prime number?
False
Is 47604631 a composite number?
True
Is 621559 prime?
False
Is 913729 prime?
False
Is 5760497 prime?
True
Is 497797 prime?
False
Is 684911 prime?
False
Is 52096579 composite?
True
Is 9633997 prime?
False
Is 6229097 a composite number?
True
Is 53570123 a prime number?
True
Is 15040979 composite?
False
Is 423217409 prime?
True
Is 355955149 a composite number?
True
Is 15341477 composite?
False
Is 1319389 a composite number?
False
Is 96389 composite?
True
Is 11421323 a composite number?
False
Is 67118206 prime?
False
Is 19751377 composite?
True
Is 2009239 a prime number?
True
Is 47620609 a prime number?
True
Is 718349 a prime number?
True
Is 147911 composite?
True
Is 378291041 prime?
True
Is 1475839 a prime number?
False
Is 4520497 a prime number?
True
Is 5721497 a composite number?
True
Is 3804179 a composite number?
False
Is 14596543 prime?
False
Is 36608053 composite?
True
Is 1625983 prime?
False
Is 327162647 prime?
False
Is 190320917 a composite number?
False
Is 347442805 a composite number?
True
Is 172270841 a composite number?
False
Is 322607501 composite?
False
Is 22669631 a composite number?
True
Is 347888311 composite?
False
Is 306151 composite?
True
Is 175073963 prime?
True
Is 59533841 composite?
False
Is 71909819 a prime number?
True
Is 2461423 composite?
False
Is 6918203 a prime number?
True
Is 12987301 a prime number?
False
Is 63040987 prime?
False
Is 12136409 a composite number?
True
Is 16908121 prime?
True
Is 3547535 a prime number?
False
Is 2203907 a prime number?
False
Is 4518799 composite?
True
Is 11133565 composite?
True
Is 2551253 a prime number?
False
Is 239424761 prime?
True
Is 56212037 a prime number?
False
Is 2750959 prime?
True
Is 191445541 a prime number?
False
Is 45263527 a prime number?
True
Is 452699183 prime?
True
Is 178454927 a prime number?
False
Is 4639213 composite?
True
Is 450744349 composite?
True
Is 473188377 a prime number?
False
Is 50968939 a composite number?
True
Is 11956057 prime?
True
Is 27359533 a composite number?
True
Is 329087 composite?
True
Is 286199381 a composite number?
True
Is 75139679 a prime number?
False
Is 42636661 a composite number?
True
Is 337273169 prime?
True
Is 60289547 composite?
False
Is 1777661 a prime number?
True
Is 143760185 a composite number?
True
Is 55946783 a prime number?
False
Is 6023897 a composite number?
True
Is 5709571 a composite number?
True
Is 96963 prime?
False
Is 429179353 a composite number?
True
Is 2160451 prime?
False
Is 1286939 a composite number?
False
Is 9462734 a composite number?
True
Is 11198867 composite?
True
Is 56252263 composite?
False
Is 4340209 composite?
True
Is 91861919 a composite number?
False
Is 64072961 composite?
False
Is 565848559 a composite number?
False
Is 513913 a prime number?
False
Is 579869 prime?
True
Is 1580671 composite?
False
Is 258572177 composite?
False
Is 4616237 a prime number?
True
Is 8396693 prime?
True
Is 506431619 a prime number?
True
Is 71276629 a composite number?
True
Is 2827691 composite?
True
Is 150701613 a prime number?
False
Is 2087851 a prime number?
False
Is 41156569 a prime number?
True
Is 64913159 a composite number?
True
Is 1009999 a composite number?
True
Is 19320901 a prime number?
False
Is 72380209 a composite number?
True
Is 25701391 a prime number?
True
Is 2176283 a composite number?
True
Is 4051079 composite?
True
Is 11690929 prime?
False
Is 212647486 composite?
True
Is 309839539 composite?
True
Is 18163